?
False
Is 17 a factor of 53737170?
True
Is 26092291 a multiple of 7?
False
Is 11 a factor of 144470049?
False
Does 51 divide 477767247?
False
Is 697 a factor of 9497322?
True
Is 15 a factor of 767400685?
False
Is 9668958 a multiple of 31?
False
Does 39 divide 4006486?
False
Does 411 divide 84081558?
True
Does 55 divide 435105?
True
Does 2611 divide 86426711?
True
Is 8 a factor of 282464904?
True
Is 56 a factor of 14269492?
False
Does 1494 divide 40031485?
False
Does 412 divide 71564400?
True
Does 26 divide 30967027?
False
Does 15646 divide 1967632655?
False
Does 417 divide 130303274?
False
Is 286715829 a multiple of 12?
False
Is 226170267 a multiple of 35?
False
Is 9 a factor of 457856910?
True
Is 171740880 a multiple of 235?
False
Is 2997 a factor of 64186749?
True
Is 24 a factor of 270744216?
True
Is 35 a factor of 85413514?
False
Is 1887661476 a multiple of 36?
True
Is 2739363259 a multiple of 1144?
False
Is 486320 a multiple of 30?
False
Is 32 a factor of 338270510?
False
Is 180482682 a multiple of 10?
False
Is 19 a factor of 28174036?
True
Does 46 divide 87070157?
False
Is 15109984 a multiple of 16?
True
Is 1431 a factor of 1358714649?
False
Is 44 a factor of 1653379860?
True
Is 24 a factor of 70220906?
False
Does 98 divide 67549975?
False
Is 11 a factor of 5407003?
False
Is 1043 a factor of 1623431586?
True
Is 425244846 a multiple of 13?
True
Is 82419972 a multiple of 6?
True
Is 31 a factor of 17018721?
True
Is 790825790 a multiple of 1304?
False
Is 2355 a factor of 58612823?
False
Does 159 divide 52690701?
False
Is 945269860 a multiple of 113?
True
Is 7 a factor of 18966248?
True
Is 696 a factor of 69639055?
False
Is 1952 a factor of 186326619?
False
Does 4376 divide 40251443?
False
Is 330 a factor of 1159485360?
True
Is 9 a factor of 159126253?
False
Does 2 divide 1092543?
False
Does 5 divide 17058935?
True
Is 802 a factor of 78690087?
False
Is 175 a factor of 68807680?
False
Is 5339610 a multiple of 158?
True
Is 14 a factor of 44542892?
False
Is 29 a factor of 1089520?
False
Is 1064104112 a multiple of 1088?
False
Is 83 a factor of 31819930?
False
Is 1483 a factor of 83515145?
True
Does 751 divide 49190500?
True
Does 12 divide 316720033?
False
Does 494 divide 642877483?
False
Is 439313690 a multiple of 10?
True
Is 85575610 a multiple of 10?
True
Does 10 divide 14073651?
False
Is 257697260 a multiple of 20?
True
Is 58 a factor of 67757746?
True
Is 102 a factor of 1892557514?
False
Is 153381972 a multiple of 2234?
True
Is 54 a factor of 24758190?
True
Is 94451737 a multiple of 105?
False
Is 51 a factor of 417463509?
True
Is 26 a factor of 1698901308?
True
Does 12 divide 1796607564?
True
Is 36938680 a multiple of 78?
False
Is 2143 a factor of 745815242?
False
Is 65903349 a multiple of 951?
True
Is 1883 a factor of 666498885?
False
Does 30 divide 98652681?
False
Is 6691631609 a multiple of 4979?
True
Is 8 a factor of 9574344?
True
Is 1726746543 a multiple of 139?
True
Does 153 divide 519895754?
False
Is 1507387 a multiple of 209?
False
Does 29 divide 80161643?
False
Does 91 divide 11417106?
False
Is 50106333 a multiple of 2097?
False
Is 8 a factor of 161938477?
False
Does 4351 divide 565160092?
True
Does 190 divide 252762162?
False
Is 259 a factor of 53629103?
False
Is 3 a factor of 11966460?
True
Is 1926 a factor of 1981202626?
False
Is 60076606 a multiple of 95?
False
Does 8856 divide 4054552635?
False
Is 34388822 a multiple of 368?
False
Does 810 divide 46584366?
False
Is 324 a factor of 118176926?
False
Is 372666980 a multiple of 1165?
False
Does 42 divide 5924498?
False
Is 348529830 a multiple of 145?
True
Does 982 divide 104916272?
False
Is 24 a factor of 2069728392?
True
Does 3297 divide 118718376?
True
Is 1223 a factor of 464968701?
True
Is 1596 a factor of 1229030124?
True
Is 68 a factor of 466366984?
True
Does 7 divide 76501040?
True
Does 487 divide 208472787?
False
Does 105 divide 51390398?
False
Is 8666237 a multiple of 30?
False
Is 403 a factor of 11908627?
False
Is 41 a factor of 162627566?
True
Does 1486 divide 219623370?
True
Does 254 divide 63031370?
True
Is 690029 even?
False
Does 3 divide 164611?
False
Does 502 divide 4769648435?
False
Is 11940006 a multiple of 39?
True
Is 296 a factor of 3544153788?
False
Is 15823563 a multiple of 7?
True
Is 2220455660 a multiple of 445?
True
Is 2265 a factor of 80201987?
False
Is 2939499367 a multiple of 343?
True
Is 2215024350 a multiple of 5950?
True
Does 207 divide 2032422434?
False
Does 1250 divide 56365776?
False
Is 692 a factor of 351151940?
True
Does 5789 divide 1655989762?
True
Does 67 divide 177193158?
True
Does 7 divide 7766935?
False
Is 19243214 a multiple of 8?
False
Is 169202628 a multiple of 9?
True
Does 1755 divide 17939610?
True
Is 34364096 a multiple of 103?
True
Is 4359 a factor of 1000819825?
False
Is 16 a factor of 517312352?
True
Does 4208 divide 640781616?
True
Is 13 a factor of 2750161804?
True
Does 1918 divide 160421520?
True
Is 599964565 a multiple of 49?
False
Is 16296801 a multiple of 2?
False
Is 5 a factor of 30821340?
True
Is 155110482 a multiple of 6?
True
Is 58 a factor of 1156404?
True
Does 386 divide 142130218?
True
Is 688 a factor of 1224491392?
True
Is 10 a factor of 1719300?
True
Does 2895 divide 223276977?
False
Is 2021378805 a multiple of 115?
True
Is 4206 a factor of 4551647918?
False
Is 654 a factor of 95439525?
False
Does 14 divide 5826342225?
False
Is 285008 a multiple of 94?
True
Does 166 divide 2246926864?
True
Does 18 divide 4060524?
False
Is 298261158 a multiple of 43?
True
Is 910 a factor of 18383820?
True
Is 99596141 a multiple of 139?
True
Is 420 a factor of 37452520?
False
Is 639176 a multiple of 1466?
True
Is 12 a factor of 3343376221?
False
Does 3642 divide 1363774865?
False
Is 25 a factor of 116634881?
False
Is 4939780 a multiple of 3?
False
Is 39293040 a multiple of 1212?
True
Does 29 divide 388600464?
True
Is 4000325 a multiple of 343?
False
Is 99 a factor of 363735?
False
Is 1063855 a multiple of 13?
True
Is 1751 a factor of 22245659?
False
Is 1354555377 a multiple of 63?
True
Is 597143 even?
False
Is 22 a factor of 1525702068?
True
Is 2019691506 a multiple of 14?
True
Is 66 a factor of 361978254?
True
Does 31 divide 929298408?
True
Does 4594 divide 402049208?
False
Is 19 a factor of 5190005?
False
Is 120846424 a multiple of 14?
False
Does 127 divide 262154416?
True
Does 31 divide 195301178?
True
Is 2363 a factor of 311977438?
True
Does 185 divide 24999909?
False
Is 9021806 a multiple of 219?
False
Is 2371975261 a multiple of 31?
True
Is 1237860 a multiple of 529?
True
Does 572 divide 10121738?
False
Does 44 divide 28518116?
True
Is 895961196 a multiple of 3614?
True
Is 25721850 a multiple of 34?
True
Is 16 a factor of 425428768?
True
Is 342 a factor of 55054074?
False
Is 36325638 a multiple of 6?
True
Is 1147 a factor of 60081182?
False
Is 4936 a factor of 3522050447?
False
Is 315 a factor of 11762415?
True
Is 226 a factor of 44342330?
True
Is 43 a factor of 2611123529?
True
Is 295 a factor of 23666375?
True
Is 99697752 a multiple of 2202?
True
Is 7571974 even?
True
Is 231 a factor of 38542119?
True
Is 116810085 a multiple of 5?
True
Is 366973035 a multiple of 755?
True
Does 23 divide 33920632?
False
Is 2395 a factor of 13457505?
True
Is 4354514 a multiple of 6?
False
Is 1281 a factor of 3833820400?
False
Is 204505534 a multiple of 17?
False
Is 291799342 a multiple of 5?
False
Is 1056613140 a multiple of 927?
True
Is 97 a factor of 99427948?
False
Is 20998958 a multiple of 30?
False
Is 1080 a factor of 83918466?
False
Is 1478910490 a multiple of 31?
True
Does 674 divide 365311375?
False
Is 57120553 a multiple of 9369?
False
Is 3690471593 a multiple of 18?
False
Does 42 divide 147860211?
False
Does 700 divide 24892000?
True
Is 39 a factor of 58325150?
False
Does 3 divide 75650048?
False
Is 895990392 a multiple of 6969?
True
Does 1103 divide 51251998?
True
Does 11 divide 189637332?
False
Does 34 divide 583968020?
True
Does 61 divide 554458829?
True
Does 1005 divide 68971140?
True
Is 12 a factor of 1077327316?
False
Does 268 divide 234185730?
False
Does 314 divide 1148298?
True
Does 499 divide 535676187?
False
Does 6489 divide 905423148?
True
Is 27911356 a multiple of 45?
False
Does 347 divide 1273136738?
False
Is 37116684 a 